{"id":1569,"date":"2021-03-09T16:00:28","date_gmt":"2021-03-09T15:00:28","guid":{"rendered":"http:\/\/studiotoro.pl\/?page_id=1569"},"modified":"2021-03-09T16:02:41","modified_gmt":"2021-03-09T15:02:41","slug":"akademickosc-liceum","status":"publish","type":"page","link":"https:\/\/linde.edu.pl\/?page_id=1569","title":{"rendered":"Akademicko\u015b\u0107 Liceum"},"content":{"rendered":"\t\t<div data-elementor-type=\"wp-page\" data-elementor-id=\"1569\" class=\"elementor elementor-1569\" data-elementor-settings=\"[]\">\n\t\t\t\t\t\t\t<div class=\"elementor-section-wrap\">\n\t\t\t\t\t\t\t<section class=\"elementor-section elementor-top-section elementor-element elementor-element-f6071a3 elementor-section-boxed elementor-section-height-default elementor-section-height-default\" data-id=\"f6071a3\" data-element_type=\"section\">\n\t\t\t\t\t\t<div class=\"elementor-container elementor-column-gap-default\">\n\t\t\t\t\t<div class=\"elementor-column elementor-col-100 elementor-top-column elementor-element elementor-element-7e98405\" data-id=\"7e98405\" data-element_type=\"column\">\n\t\t\t<div class=\"elementor-widget-wrap elementor-element-populated\">\n\t\t\t\t\t\t\t\t<div class=\"elementor-element elementor-element-aae8c84 animated-slow elementor-invisible elementor-widget elementor-widget-image\" data-id=\"aae8c84\" data-element_type=\"widget\" data-settings=\"{&quot;_animation&quot;:&quot;fadeIn&quot;}\" data-widget_type=\"image.default\">\n\t\t\t\t<div class=\"elementor-widget-container\">\n\t\t\t\t\t<div class=\"elementor-image\">\n\t\t\t\t\t\t\t\t\t\t<img width=\"1920\" height=\"1280\" src=\"https:\/\/linde.edu.pl\/wp-content\/uploads\/2021\/03\/girl-676185_1920.jpg\" class=\"attachment-full size-full\" alt=\"\" loading=\"lazy\" srcset=\"https:\/\/linde.edu.pl\/wp-content\/uploads\/2021\/03\/girl-676185_1920.jpg 1920w, https:\/\/linde.edu.pl\/wp-content\/uploads\/2021\/03\/girl-676185_1920-300x200.jpg 300w, https:\/\/linde.edu.pl\/wp-content\/uploads\/2021\/03\/girl-676185_1920-1024x683.jpg 1024w, https:\/\/linde.edu.pl\/wp-content\/uploads\/2021\/03\/girl-676185_1920-768x512.jpg 768w, https:\/\/linde.edu.pl\/wp-content\/uploads\/2021\/03\/girl-676185_1920-1536x1024.jpg 1536w\" sizes=\"(max-width: 1920px) 100vw, 1920px\" \/>\t\t\t\t\t\t\t\t\t\t\t<\/div>\n\t\t\t\t<\/div>\n\t\t\t\t<\/div>\n\t\t\t\t\t<\/div>\n\t\t<\/div>\n\t\t\t\t\t\t\t<\/div>\n\t\t<\/section>\n\t\t\t\t<section class=\"elementor-section elementor-top-section elementor-element elementor-element-e730366 elementor-section-boxed elementor-section-height-default elementor-section-height-default\" data-id=\"e730366\" data-element_type=\"section\">\n\t\t\t\t\t\t<div class=\"elementor-container elementor-column-gap-default\">\n\t\t\t\t\t<div class=\"elementor-column elementor-col-100 elementor-top-column elementor-element elementor-element-03e23de\" data-id=\"03e23de\" data-element_type=\"column\">\n\t\t\t<div class=\"elementor-widget-wrap elementor-element-populated\">\n\t\t\t\t\t\t\t\t<div class=\"elementor-element elementor-element-76c6052 elementor-widget elementor-widget-text-editor\" data-id=\"76c6052\" data-element_type=\"widget\" data-widget_type=\"text-editor.default\">\n\t\t\t\t<div class=\"elementor-widget-container\">\n\t\t\t\t\t<div class=\"elementor-text-editor elementor-clearfix\"><h2>CO OZNACZA AKADEMICKO\u015a\u0106 LICEUM?<\/h2><p>Szko\u0142a powsta\u0142a przy Wy\u017cszej Szkole J\u0119zyk\u00f3w Obcych w Poznaniu, od prawie 20 lat prowadz\u0105cej studia filologiczne I i II stopnia. Na bazie zebranych do\u015bwiadcze\u0144 dydaktycznych i obserwacji rozwoju naszych student\u00f3w opracowali\u015bmy model liceum, kt\u00f3rego akademicko\u015b\u0107 nie wynika wy\u0142\u0105cznie z afiliacji przy uczelni, ale z metod pracy i organizacji.<\/p><h3>Akademickie formy zaj\u0119\u0107:<\/h3><p><strong>Seminaryjne<\/strong>\u00a0\u2013 oparte o wzajemn\u0105 relacj\u0119 prowadz\u0105cego z grup\u0105, rozwijaj\u0105ce umiej\u0119tno\u015bci:<br \/>\u2013 budowania hipotez i ich sprawdzania<br \/>\u2013 szukania odpowiedzi na postawione problemy badawcze,<br \/>\u2013 budowania argumentacji i prezentowania wniosk\u00f3w;<\/p><p><strong>Konwersatoryjne<\/strong>\u00a0\u2013 oparte na aktywno\u015bci uczestnik\u00f3w, rozwijaj\u0105ce umiej\u0119tno\u015bci:<br \/>\u2013 dyskutowania<br \/>\u2013 argumentowania<br \/>przygotowuj\u0105ce do :<br \/>\u2013 debat<br \/>\u2013 prezentacji<br \/>\u2013 pracy zespo\u0142owej;<\/p><p><strong>Wyk\u0142adowe<\/strong>\u00a0\u2013 oparte na narracji prowadz\u0105cego:<br \/>\u2013 przekazuj\u0105ce wiedz\u0119 merytoryczn\u0105 z r\u00f3\u017cnych punkt\u00f3w widzenia<br \/>\u2013 zapraszaj\u0105c uczni\u00f3w do intelektualnej wyprawy w \u015bwiat nauki;<\/p><p><strong>Zaj\u0119cia poza terenem szko\u0142y<\/strong>\u00a0\u2013 oparte na wsp\u00f3\u0142pracy z uczelniami wy\u017cszymi;\u00a0<br \/>zaj\u0119cia przygotowuj\u0105ce do samodzielno\u015bci w zdobywaniu wiedzy \u2013 oparte na aktywizuj\u0105cych metodach pracy, rozwijaj\u0105ce umiej\u0119tno\u015bci:<br \/>\u2013 komunikacji interpersonalnej<br \/>\u2013 pracy w grupie i rozumienia swojej roli<br \/>\u2013 wsp\u00f3\u0142odpowiedzialno\u015bci za projekt<br \/>\u2013 asertywno\u015bci.<\/p><p>Naszym celem jest tworzenie \u015brodowiska, w kt\u00f3rym m\u0142odzie\u017c, korzystaj\u0105c ze swych uzdolnie\u0144 i wiedzy, rozwija\u0107 si\u0119 b\u0119dzie w swej pasji i zainteresowaniach, odkrywaj\u0105c siebie i znajduj\u0105c swoj\u0105 drog\u0119 w doros\u0142e \u017cycie.<\/p><p>R\u00f3\u017cnorodno\u015b\u0107 form zaj\u0119\u0107 wspiera\u0107 b\u0119dzie osi\u0105gni\u0119cie tego celu.<\/p><\/div>\n\t\t\t\t<\/div>\n\t\t\t\t<\/div>\n\t\t\t\t\t<\/div>\n\t\t<\/div>\n\t\t\t\t\t\t\t<\/div>\n\t\t<\/section>\n\t\t\t\t\t\t<\/div>\n\t\t\t\t\t<\/div>\n\t\t","protected":false},"excerpt":{"rendered":"<p>CO OZNACZA AKADEMICKO\u015a\u0106 LICEUM? Szko\u0142a powsta\u0142a przy Wy\u017cszej Szkole J\u0119zyk\u00f3w Obcych w Poznaniu, od prawie 20 lat prowadz\u0105cej studia filologiczne I i II stopnia. Na bazie zebranych do\u015bwiadcze\u0144 dydaktycznych i &#8230;<\/p>\n","protected":false},"author":1,"featured_media":0,"parent":0,"menu_order":0,"comment_status":"closed","ping_status":"closed","template":"","meta":[],"_links":{"self":[{"href":"https:\/\/linde.edu.pl\/index.php?rest_route=\/wp\/v2\/pages\/1569"}],"collection":[{"href":"https:\/\/linde.edu.pl\/index.php?rest_route=\/wp\/v2\/pages"}],"about":[{"href":"https:\/\/linde.edu.pl\/index.php?rest_route=\/wp\/v2\/types\/page"}],"author":[{"embeddable":true,"href":"https:\/\/linde.edu.pl\/index.php?rest_route=\/wp\/v2\/users\/1"}],"replies":[{"embeddable":true,"href":"https:\/\/linde.edu.pl\/index.php?rest_route=%2Fwp%2Fv2%2Fcomments&post=1569"}],"version-history":[{"count":3,"href":"https:\/\/linde.edu.pl\/index.php?rest_route=\/wp\/v2\/pages\/1569\/revisions"}],"predecessor-version":[{"id":1573,"href":"https:\/\/linde.edu.pl\/index.php?rest_route=\/wp\/v2\/pages\/1569\/revisions\/1573"}],"wp:attachment":[{"href":"https:\/\/linde.edu.pl\/index.php?rest_route=%2Fwp%2Fv2%2Fmedia&parent=1569"}],"curies":[{"name":"wp","href":"https:\/\/api.w.org\/{rel}","templated":true}]}}

Akademickość Liceum

<div data-elementor-type="wp-page" data-elementor-id="1569" class="elementor elementor-1569" data-elementor-settings="[]">
							<div class="elementor-section-wrap">
							<section class="elementor-section elementor-top-section elementor-element elementor-element-f6071a3 elementor-section-boxed elementor-section-height-default elementor-section-height-default" data-id="f6071a3" data-element_type="section">
						<div class="elementor-container elementor-column-gap-default">
					<div class="elementor-column elementor-col-100 elementor-top-column elementor-element elementor-element-7e98405" data-id="7e98405" data-element_type="column">
			<div class="elementor-widget-wrap elementor-element-populated">
								<div class="elementor-element elementor-element-aae8c84 animated-slow elementor-invisible elementor-widget elementor-widget-image" data-id="aae8c84" data-element_type="widget" data-settings="{&quot;_animation&quot;:&quot;fadeIn&quot;}" data-widget_type="image.default">
				<div class="elementor-widget-container">
					<div class="elementor-image">
										<img width="1920" height="1280" src="https://linde.edu.pl/wp-content/uploads/2021/03/girl-676185_1920.jpg" class="attachment-full size-full" alt="" loading="lazy" srcset="https://linde.edu.pl/wp-content/uploads/2021/03/girl-676185_1920.jpg 1920w, https://linde.edu.pl/wp-content/uploads/2021/03/girl-676185_1920-300x200.jpg 300w, https://linde.edu.pl/wp-content/uploads/2021/03/girl-676185_1920-1024x683.jpg 1024w, https://linde.edu.pl/wp-content/uploads/2021/03/girl-676185_1920-768x512.jpg 768w, https://linde.edu.pl/wp-content/uploads/2021/03/girl-676185_1920-1536x1024.jpg 1536w" sizes="(max-width: 1920px) 100vw, 1920px" />											</div>
				</div>
				</div>
					</div>
		</div>
							</div>
		</section>
				<section class="elementor-section elementor-top-section elementor-element elementor-element-e730366 elementor-section-boxed elementor-section-height-default elementor-section-height-default" data-id="e730366" data-element_type="section">
						<div class="elementor-container elementor-column-gap-default">
					<div class="elementor-column elementor-col-100 elementor-top-column elementor-element elementor-element-03e23de" data-id="03e23de" data-element_type="column">
			<div class="elementor-widget-wrap elementor-element-populated">
								<div class="elementor-element elementor-element-76c6052 elementor-widget elementor-widget-text-editor" data-id="76c6052" data-element_type="widget" data-widget_type="text-editor.default">
				<div class="elementor-widget-container">
					<div class="elementor-text-editor elementor-clearfix"><h2>CO OZNACZA AKADEMICKOŚĆ LICEUM?</h2><p>Szkoła powstała przy Wyższej Szkole Języków Obcych w Poznaniu, od prawie 20 lat prowadzącej studia filologiczne I i II stopnia. Na bazie zebranych doświadczeń dydaktycznych i obserwacji rozwoju naszych studentów opracowaliśmy model liceum, którego akademickość nie wynika wyłącznie z afiliacji przy uczelni, ale z metod pracy i organizacji.</p><h3>Akademickie formy zajęć:</h3><p><strong>Seminaryjne</strong> – oparte o wzajemną relację prowadzącego z grupą, rozwijające umiejętności:<br />– budowania hipotez i ich sprawdzania<br />– szukania odpowiedzi na postawione problemy badawcze,<br />– budowania argumentacji i prezentowania wniosków;</p><p><strong>Konwersatoryjne</strong> – oparte na aktywności uczestników, rozwijające umiejętności:<br />– dyskutowania<br />– argumentowania<br />przygotowujące do :<br />– debat<br />– prezentacji<br />– pracy zespołowej;</p><p><strong>Wykładowe</strong> – oparte na narracji prowadzącego:<br />– przekazujące wiedzę merytoryczną z różnych punktów widzenia<br />– zapraszając uczniów do intelektualnej wyprawy w świat nauki;</p><p><strong>Zajęcia poza terenem szkoły</strong> – oparte na współpracy z uczelniami wyższymi; <br />zajęcia przygotowujące do samodzielności w zdobywaniu wiedzy – oparte na aktywizujących metodach pracy, rozwijające umiejętności:<br />– komunikacji interpersonalnej<br />– pracy w grupie i rozumienia swojej roli<br />– współodpowiedzialności za projekt<br />– asertywności.</p><p>Naszym celem jest tworzenie środowiska, w którym młodzież, korzystając ze swych uzdolnień i wiedzy, rozwijać się będzie w swej pasji i zainteresowaniach, odkrywając siebie i znajdując swoją drogę w dorosłe życie.</p><p>Różnorodność form zajęć wspierać będzie osiągnięcie tego celu.</p></div>
				</div>
				</div>
					</div>
		</div>
							</div>
		</section>
						</div>
					</div>

<p>CO OZNACZA AKADEMICKOŚĆ LICEUM? Szkoła powstała przy Wyższej Szkole Języków Obcych w Poznaniu, od prawie 20 lat prowadzącej studia filologiczne I i II stopnia. Na bazie zebranych doświadczeń dydaktycznych i &#8230;</p>
