{"id":1644,"date":"2021-03-09T18:33:44","date_gmt":"2021-03-09T17:33:44","guid":{"rendered":"http:\/\/studiotoro.pl\/?page_id=1644"},"modified":"2021-03-17T20:18:40","modified_gmt":"2021-03-17T19:18:40","slug":"wartosci","status":"publish","type":"page","link":"https:\/\/linde.edu.pl\/?page_id=1644","title":{"rendered":"Warto\u015bci"},"content":{"rendered":"\t\t<div data-elementor-type=\"wp-page\" data-elementor-id=\"1644\" class=\"elementor elementor-1644\" data-elementor-settings=\"[]\">\n\t\t\t\t\t\t\t<div class=\"elementor-section-wrap\">\n\t\t\t\t\t\t\t<section class=\"elementor-section elementor-top-section elementor-element elementor-element-c4801a2 elementor-section-boxed elementor-section-height-default elementor-section-height-default\" data-id=\"c4801a2\" data-element_type=\"section\">\n\t\t\t\t\t\t<div class=\"elementor-container elementor-column-gap-default\">\n\t\t\t\t\t<div class=\"elementor-column elementor-col-100 elementor-top-column elementor-element elementor-element-47ba7d51\" data-id=\"47ba7d51\" data-element_type=\"column\">\n\t\t\t<div class=\"elementor-widget-wrap elementor-element-populated\">\n\t\t\t\t\t\t\t\t<div class=\"elementor-element elementor-element-7be7872b elementor-widget elementor-widget-text-editor\" data-id=\"7be7872b\" data-element_type=\"widget\" data-widget_type=\"text-editor.default\">\n\t\t\t\t<div class=\"elementor-widget-container\">\n\t\t\t\t\t<div class=\"elementor-text-editor elementor-clearfix\"><strong>ROZW\u00d3J<\/strong>\n<ul>\n \t<li>dbamy o to, by potencja\u0142 i uzdolnienia mog\u0142y by\u0107 harmonijnie rozwijane i uzupe\u0142niane wiedz\u0105 z innych dziedzin<\/li>\n \t<li>rozw\u00f3j rozumiemy jako wspieranie w kszta\u0142towaniu swojej osobowo\u015bci i kompetencji w oparciu o wypracowane wysokie standardy<\/li>\n \t<li>droga rozwoju to poszukiwanie odpowiedzi na stawiane sobie pytania, d\u0105\u017cenie do poznania i zrozumienia, znajdowanie nowego sposobu my\u015blenia<\/li>\n \t<li>rzeczowa, partnerska informacja zwrotna inspiruje do dzia\u0142ania i wspiera pe\u0142ne czerpanie z posiadanych zasob\u00f3w i talent\u00f3w<\/li>\n<\/ul>\n<strong>SZACUNEK<\/strong>\n<ul>\n \t<li>cz\u0142owiek jest podmiotem naszych dzia\u0142a\u0144<\/li>\n \t<li>szanujemy r\u00f3\u017cnorodno\u015b\u0107 i odmienno\u015b\u0107 ka\u017cdej z os\u00f3b<\/li>\n \t<li>wiemy, \u017ce ka\u017cdy zdobywa wiedz\u0119 inaczej, tworzymy wi\u0119c warunki by ka\u017cdy m\u00f3g\u0142 rozwija\u0107 si\u0119 w dostosowanym do siebie tempie, w spos\u00f3b, w jaki najlepiej poznaje \u015bwiat<\/li>\n \t<li>tworzymy nasze \u015brodowisko z my\u015bl\u0105 o wspieraniu r\u00f3\u017cnych uzdolnie\u0144\nwolno\u015b\u0107 osobista, tolerancja, poszanowanie cz\u0142owieka le\u017c\u0105 u podstaw naszej spo\u0142eczno\u015bci<\/li>\n<\/ul>\n<strong>WSP\u00d3\u0141PRACA<\/strong>\n<ul>\n \t<li>bezpiecze\u0144stwo opieramy na wzajemnych relacjach i szacunku do siebie<\/li>\n \t<li>wymagamy od siebie na r\u00f3wni z wymaganiami wobec innych, dajemy przyk\u0142ad i inspirujemy naszymi dzia\u0142aniami<\/li>\n \t<li>u podstaw ka\u017cdego dzia\u0142ania le\u017cy dobro nasze i innych<\/li>\n \t<li>przywi\u0105zujemy wag\u0119 do wzajemnych relacji, kt\u00f3re nie tylko zapewniaj\u0105 bezpiecze\u0144stwo, ale w spos\u00f3b wymierny oddzia\u0142uj\u0105 na rozw\u00f3j tak szko\u0142y jak i ka\u017cdego indywidualnie<\/li>\n<\/ul>\n<strong>SAMODZIELNO\u015a\u0106<\/strong>\n<ul>\n \t<li>ka\u017cdy ma prawo podzieli\u0107 si\u0119 swoimi spostrze\u017ceniami, zapyta\u0107, wyrazi\u0107 swoje zdanie czy opini\u0119<\/li>\n \t<li>ka\u017cdy ma prawo do nowego spojrzenia na otaczaj\u0105cy go \u015bwiat i szukania w\u0142asnej odpowiedzi u podstaw jego dzia\u0142ania<\/li>\n<\/ul>\n<strong>ODPOWIEDZIALNO\u015a\u0106<\/strong>\n<ul>\n \t<li>drugi cz\u0142owiek i jego prawa s\u0105 warto\u015bci\u0105 nadrz\u0119dn\u0105<\/li>\n \t<li>w dzia\u0142aniu kierujemy si\u0119 wra\u017cliwo\u015bci\u0105 na drugiego cz\u0142owiek<\/li>\n \t<li>dokonuj\u0105c wybor\u00f3w kierujemy si\u0119 odpowiedzialno\u015bci\u0105 za siebie i innych<\/li>\n \t<li>koncentrujemy si\u0119 na znalezieniu rozwi\u0105zania, nie za\u015b na problemie.<\/li>\n<\/ul><\/div>\n\t\t\t\t<\/div>\n\t\t\t\t<\/div>\n\t\t\t\t\t<\/div>\n\t\t<\/div>\n\t\t\t\t\t\t\t<\/div>\n\t\t<\/section>\n\t\t\t\t<section class=\"elementor-section elementor-top-section elementor-element elementor-element-43f41bd elementor-section-boxed elementor-section-height-default elementor-section-height-default\" data-id=\"43f41bd\" data-element_type=\"section\">\n\t\t\t\t\t\t<div class=\"elementor-container elementor-column-gap-default\">\n\t\t\t\t\t<div class=\"elementor-column elementor-col-100 elementor-top-column elementor-element elementor-element-65596cf\" data-id=\"65596cf\" data-element_type=\"column\">\n\t\t\t<div class=\"elementor-widget-wrap elementor-element-populated\">\n\t\t\t\t\t\t\t\t<div class=\"elementor-element elementor-element-9b89577 elementor-widget elementor-widget-heading\" data-id=\"9b89577\" data-element_type=\"widget\" data-widget_type=\"heading.default\">\n\t\t\t\t<div class=\"elementor-widget-container\">\n\t\t\t<h2 class=\"elementor-heading-title elementor-size-default\">PROGRAM WYCHOWAWCZO-PROFILAKTYCZNY<\/h2>\t\t<\/div>\n\t\t\t\t<\/div>\n\t\t\t\t\t<\/div>\n\t\t<\/div>\n\t\t\t\t\t\t\t<\/div>\n\t\t<\/section>\n\t\t\t\t<section class=\"elementor-section elementor-top-section elementor-element elementor-element-c909fc6 elementor-section-boxed elementor-section-height-default elementor-section-height-default\" data-id=\"c909fc6\" data-element_type=\"section\">\n\t\t\t\t\t\t<div class=\"elementor-container elementor-column-gap-default\">\n\t\t\t\t\t<div class=\"elementor-column elementor-col-100 elementor-top-column elementor-element elementor-element-84236fa\" data-id=\"84236fa\" data-element_type=\"column\">\n\t\t\t<div class=\"elementor-widget-wrap elementor-element-populated\">\n\t\t\t\t\t\t\t\t<div class=\"elementor-element elementor-element-6836504 elementor-widget elementor-widget-text-editor\" data-id=\"6836504\" data-element_type=\"widget\" data-widget_type=\"text-editor.default\">\n\t\t\t\t<div class=\"elementor-widget-container\">\n\t\t\t\t\t<div class=\"elementor-text-editor elementor-clearfix\"><p>Zapraszamy do zapoznania si\u0119 ze szkolnym programem wychowawczo-profilaktycznym.\u00a0<\/p><\/div>\n\t\t\t\t<\/div>\n\t\t\t\t<\/div>\n\t\t\t\t<div class=\"elementor-element elementor-element-92a2f6f elementor-widget elementor-widget-button\" data-id=\"92a2f6f\" data-element_type=\"widget\" data-widget_type=\"button.default\">\n\t\t\t\t<div class=\"elementor-widget-container\">\n\t\t\t\t\t<div class=\"elementor-button-wrapper\">\n\t\t\t<a href=\"\/wp-content\/uploads\/2021\/03\/Program-WP-Linde-2.pdf\" target=\"_blank\" class=\"elementor-button-link elementor-button elementor-size-sm\" role=\"button\">\n\t\t\t\t\t\t<span class=\"elementor-button-content-wrapper\">\n\t\t\t\t\t\t<span class=\"elementor-button-text\">OTW\u00d3RZ<\/span>\n\t\t<\/span>\n\t\t\t\t\t<\/a>\n\t\t<\/div>\n\t\t\t\t<\/div>\n\t\t\t\t<\/div>\n\t\t\t\t\t<\/div>\n\t\t<\/div>\n\t\t\t\t\t\t\t<\/div>\n\t\t<\/section>\n\t\t\t\t\t\t<\/div>\n\t\t\t\t\t<\/div>\n\t\t","protected":false},"excerpt":{"rendered":"<p>ROZW\u00d3J dbamy o to, by potencja\u0142 i uzdolnienia mog\u0142y by\u0107 harmonijnie rozwijane i uzupe\u0142niane wiedz\u0105 z innych dziedzin rozw\u00f3j rozumiemy jako wspieranie w kszta\u0142towaniu swojej osobowo\u015bci i kompetencji w oparciu &#8230;<\/p>\n","protected":false},"author":1,"featured_media":0,"parent":0,"menu_order":0,"comment_status":"closed","ping_status":"closed","template":"","meta":[],"_links":{"self":[{"href":"https:\/\/linde.edu.pl\/index.php?rest_route=\/wp\/v2\/pages\/1644"}],"collection":[{"href":"https:\/\/linde.edu.pl\/index.php?rest_route=\/wp\/v2\/pages"}],"about":[{"href":"https:\/\/linde.edu.pl\/index.php?rest_route=\/wp\/v2\/types\/page"}],"author":[{"embeddable":true,"href":"https:\/\/linde.edu.pl\/index.php?rest_route=\/wp\/v2\/users\/1"}],"replies":[{"embeddable":true,"href":"https:\/\/linde.edu.pl\/index.php?rest_route=%2Fwp%2Fv2%2Fcomments&post=1644"}],"version-history":[{"count":12,"href":"https:\/\/linde.edu.pl\/index.php?rest_route=\/wp\/v2\/pages\/1644\/revisions"}],"predecessor-version":[{"id":1827,"href":"https:\/\/linde.edu.pl\/index.php?rest_route=\/wp\/v2\/pages\/1644\/revisions\/1827"}],"wp:attachment":[{"href":"https:\/\/linde.edu.pl\/index.php?rest_route=%2Fwp%2Fv2%2Fmedia&parent=1644"}],"curies":[{"name":"wp","href":"https:\/\/api.w.org\/{rel}","templated":true}]}}