{"id":2051,"date":"2022-03-10T21:32:06","date_gmt":"2022-03-10T20:32:06","guid":{"rendered":"https:\/\/linde.edu.pl\/?page_id=2051"},"modified":"2023-03-13T14:18:29","modified_gmt":"2023-03-13T13:18:29","slug":"regulamin-rekrutacji-na-rok-szkolny-2022-2023","status":"publish","type":"page","link":"https:\/\/linde.edu.pl\/?page_id=2051","title":{"rendered":"Regulamin rekrutacji na rok szkolny 2023\/2024"},"content":{"rendered":"<p><b>Liceum Akademickie linde.edu.pl w Poznaniu<\/b><\/p>\n<p><b>Regulamin rekrutacji do klas pierwszych dla absolwent\u00f3w 8-letniej szko\u0142y podstawowej na rok szkolny 2023\/2024<\/b><\/p>\n<p>&nbsp;<\/p>\n<p><span style=\"font-weight: 400;\">I. Podstawa prawna<\/span><\/p>\n<ul>\n<li aria-level=\"1\"><span style=\"font-weight: 400;\">Ustawa z dnia 14 grudnia 2016 r. Prawo o\u015bwiatowe (Dz. U. z 2021 r. poz. 10821).<\/span><\/li>\n<\/ul>\n<ul>\n<li aria-level=\"1\"><span style=\"font-weight: 400;\">Rozporz\u0105dzenia Ministra Edukacji Narodowej z dnia 20 marca 2020 r. w sprawie szczeg\u00f3lnych rozwi\u0105za\u0144 w okresie czasowego ograniczenia funkcjonowania jednostek systemu o\u015bwiaty w zwi\u0105zku z zapobieganiem, przeciwdzia\u0142aniem i zwalczaniem COVID-19 (Dz. U. z 2020 r. poz. 493 ze zm.).<\/span><\/li>\n<\/ul>\n<p>&nbsp;<\/p>\n<p><span style=\"font-weight: 400;\">II. Postanowienia og\u00f3lne<\/span><\/p>\n<ol>\n<li style=\"list-style-type: none;\">\n<ol>\n<li style=\"font-weight: 400;\" aria-level=\"1\"><span style=\"font-weight: 400;\">Rekrutacja prowadzona jest za pomoc\u0105 strony internetowej <\/span><a href=\"http:\/\/www.linde.edu.pl\"><span style=\"font-weight: 400;\">www.linde.edu.pl<\/span><\/a><\/li>\n<li style=\"font-weight: 400;\" aria-level=\"1\"><span style=\"font-weight: 400;\">Rekrutacja obejmuje wype\u0142nienie i przes\u0142anie przez wskazan\u0105 wy\u017cej stron\u0119 internetow\u0105 wype\u0142nionego formularza zg\u0142oszenia, um\u00f3wienie si\u0119 i odbycie rozmowy rekrutacyjnej, z\u0142o\u017cenie kompletu wymaganych dokument\u00f3w i podpisanie umowy o nauk\u0119 przez Rodzic\u00f3w\/Opiekun\u00f3w.<\/span><\/li>\n<li style=\"font-weight: 400;\" aria-level=\"1\"><span style=\"font-weight: 400;\">Rekrutacja prowadzona jest w dw\u00f3ch cz\u0119\u015bciach: rekrutacja podstawowa oraz rekrutacja uzupe\u0142niaj\u0105ca.<\/span><\/li>\n<li style=\"font-weight: 400;\" aria-level=\"1\"><span style=\"font-weight: 400;\">Rekrutacj\u0119 przeprowadza Szkolna Komisja Rekrutacyjna powo\u0142ywana przez Dyrektora szko\u0142y.<\/span><\/li>\n<\/ol>\n<\/li>\n<\/ol>\n<p><span style=\"font-weight: 400;\">III. <\/span><span style=\"font-weight: 400;\">Terminy rekrutacji<\/span><\/p>\n<ol>\n<li style=\"font-weight: 400;\" aria-level=\"1\"><span style=\"font-weight: 400;\">Rekrutacja podstawowa prowadzona jest od 14 lutego do 31 maja 2023 r.<\/span><\/li>\n<li style=\"font-weight: 400;\" aria-level=\"1\"><span style=\"font-weight: 400;\">Rekrutacja uzupe\u0142niaj\u0105ca prowadzona jest od 26 czerwca 2023 r. do wyczerpania limitu miejsc.<\/span><\/li>\n<\/ol>\n<p><span style=\"font-weight: 400;\">IV. Przebieg rekrutacji i zasady przyj\u0119\u0107<\/span><\/p>\n<ol>\n<li style=\"font-weight: 400;\" aria-level=\"1\"><span style=\"font-weight: 400;\">Rekrutacja podstawowa<\/span><\/li>\n<\/ol>\n<ol>\n<li style=\"list-style-type: none;\">\n<ol style=\"list-style-type: lower-alpha;\">\n<li style=\"font-weight: 400;\" aria-level=\"2\"><span style=\"font-weight: 400;\">We wskazanych w pkt. III terminach kandydat sk\u0142ada przez stron\u0119 internetow\u0105 formularz zg\u0142oszenia podaj\u0105c wymagane dane podstawowe oraz wykaz ocen uzyskanych na pierwszy okres w klasie 8 w roku szkolnym 2022\/2023 z przedmiot\u00f3w: j\u0119zyk polski, j\u0119zyk angielski, matematyka, wybrany przedmiot, kt\u00f3ry ucze\u0144 zamierza realizowa\u0107 w rozszerzeniu jako sw\u00f3j pierwszy wyb\u00f3r.<\/span><\/li>\n<li style=\"font-weight: 400;\" aria-level=\"2\"><span style=\"font-weight: 400;\">Oceny przeliczane s\u0105 na punkty wg. zasad przedstawionych w punkcie V regulaminu.<\/span><\/li>\n<li style=\"font-weight: 400;\" aria-level=\"2\"><span style=\"font-weight: 400;\">Po z\u0142o\u017ceniu formularza zg\u0142oszenia kandydat umawia termin rozmowy rekrutacyjnej w rozmowie telefonicznej z sekretariatem szko\u0142y<\/span><span style=\"font-weight: 400;\">.<\/span><\/li>\n<li style=\"font-weight: 400;\" aria-level=\"2\"><span style=\"font-weight: 400;\">W wybranym dniu i godzinie kandydat odbywa rozmow\u0119 ze Szkoln\u0105 Komisj\u0105 Rekrutacyjn\u0105, w budynku szko\u0142y. Rozmowa jest punktowana (maksymalnie 10 punkt\u00f3w). Je\u015bli kandydat odwo\u0142a um\u00f3wiony termin rozmowy, kolejny wyznaczany jest przez sekretariat szko\u0142y.<\/span><\/li>\n<li style=\"font-weight: 400;\" aria-level=\"2\"><span style=\"font-weight: 400;\">O mo\u017cliwo\u015bci przyj\u0119cia do szko\u0142y decyduj\u0105 wyniki punktowe uzyskane przez Kandydata.<\/span><\/li>\n<li style=\"font-weight: 400;\" aria-level=\"2\"><span style=\"font-weight: 400;\">Po uzyskaniu przynajmniej 50 punkt\u00f3w z ocen na p\u00f3\u0142rocze i 6 punkt\u00f3w z rozmowy szko\u0142a mo\u017ce zaproponowa\u0107 podpisanie umowy przedwst\u0119pnej. Rodzice\/Opiekunowie kandydata mog\u0105 podpisa\u0107 umow\u0119 przedwst\u0119pn\u0105 rezerwuj\u0105c\u0105 miejsce w szkole na ustalonych zasadach sk\u0142adaj\u0105c r\u00f3wnocze\u015bnie za\u015bwiadczenie o ocenach uzyskanych na pierwszy okres w 8 klasie w roku szkolnym 2022\/2023 wystawione przez szko\u0142\u0119 kandydata. Umow\u0119 nale\u017cy podpisa\u0107 w ci\u0105gu 5 dni roboczych od otrzymania powiadomienia.<\/span><\/li>\n<li aria-level=\"2\">Podpisanie umowy rezerwacyjnej wi\u0105\u017ce si\u0119 z wniesieniem bezzwrotnej op\u0142aty w wysoko\u015bci 50% op\u0142aty wpisowej. Drugie 50% wp\u0142acane jest w momencie podpisywania umowy o nauk\u0119.<\/li>\n<li aria-level=\"2\">Umowa przedwst\u0119pna obowi\u0105zuje do dnia 7 lipca 2023 r. Najp\u00f3\u017aniej do tego dnia nale\u017cy podpisa\u0107 umow\u0119 o nauk\u0119, sk\u0142adaj\u0105c pozosta\u0142e dokumenty: \u015bwiadectwo uko\u0144czenia szko\u0142y podstawowej, za\u015bwiadczenie o wynikach egzaminu \u00f3smoklasisty. niepodpisanie umowy o nauk\u0119 w ustalonym terminie powoduje zwolnienie miejsca w szkole dla kandydat\u00f3w z listy rezerwowej.<\/li>\n<\/ol>\n<\/li>\n<\/ol>\n<p><span style=\"font-weight: 400;\">2. <\/span><span style=\"font-weight: 400;\">Rekrutacja uzupe\u0142niaj\u0105ca<\/span><\/p>\n<ol>\n<li style=\"list-style-type: none;\">\n<ol>\n<li style=\"list-style-type: none;\">\n<ol style=\"list-style-type: lower-alpha;\">\n<li style=\"font-weight: 400;\" aria-level=\"2\"><span style=\"font-weight: 400;\">We wskazanych w pkt. III terminach kandydat sk\u0142ada przez stron\u0119 internetow\u0105 formularz zg\u0142oszenia podaj\u0105c wymagane dane podstawowe oraz wykaz ocen ko\u0144cowych uzyskanych w roku szkolnym 2022\/2023 z przedmiot\u00f3w: j\u0119zyk polski, j\u0119zyk angielski, matematyka, wybrany przedmiot, kt\u00f3ry ucze\u0144 zamierza realizowa\u0107 w rozszerzeniu jako sw\u00f3j pierwszy wyb\u00f3r. Kandydat podaje r\u00f3wnie\u017c wyniki procentowe ze wszystkich cz\u0119\u015bci z egzaminu \u00f3smoklasisty. W celu weryfikacji ocen i wynik\u00f3w kandydat zobowi\u0105zany jest do r\u00f3wnoczesnego przedstawienia skan\u00f3w (na adres: rekrutacja@linde.edu.pl) lub kserokopii (sk\u0142adanej w sekretariacie Liceum Akademickiego linde.edu.pl) \u015bwiadectwa uko\u0144czenia szko\u0142y podstawowej oraz za\u015bwiadczenia o wynikach egzaminu \u00f3smoklasisty.<\/span><\/li>\n<li style=\"font-weight: 400;\" aria-level=\"2\"><span style=\"font-weight: 400;\">Po z\u0142o\u017ceniu formularza zg\u0142oszenia kandydat umawia termin rozmowy rekrutacyjnej w rozmowie telefonicznej z sekretariatem szko\u0142y.<\/span><\/li>\n<li style=\"font-weight: 400;\" aria-level=\"2\"><span style=\"font-weight: 400;\">W wybranym dniu i godzinie kandydat odbywa rozmow\u0119 ze Szkoln\u0105 Komisj\u0105 Rekrutacyjn\u0105, w budynku szko\u0142y. Rozmowa jest punktowana (maksymalnie 10 punkt\u00f3w).<\/span><\/li>\n<li style=\"font-weight: 400;\" aria-level=\"2\"><span style=\"font-weight: 400;\">Po uzyskaniu przynajmniej 100 punkt\u00f3w z ocen i wynik\u00f3w egzamin\u00f3w \u0142\u0105cznie oraz przynajmniej 6 punkt\u00f3w z rozmowy Rodzice\/Opiekunowie kandydata mog\u0105 podpisa\u0107 umow\u0119 o nauk\u0119.<\/span><\/li>\n<\/ol>\n<\/li>\n<\/ol>\n<\/li>\n<\/ol>\n<p><span style=\"font-weight: 400;\">3. Ucze\u0144 przyj\u0119ty jest do szko\u0142y i ma przyznane miejsce w klasie pierwszej je\u015bli w ustalonym terminie Rodzice\/Opiekunowie podpisz\u0105 umow\u0119 o nauk\u0119 oraz z\u0142o\u017c\u0105 komplet dokument\u00f3w w oryginale (\u015bwiadectwo uko\u0144czenia szko\u0142y podstawowej, za\u015bwiadczenie o wynikach egzaminu \u00f3smoklasisty, zdj\u0119cie legitymacyjne).<\/span><\/p>\n<p>4. Rekrutacja prowadzona jest do wyczerpania limitu miejsc. Po wyczerpaniu limitu miejsc, kolejne osoby mog\u0105 by\u0107 wpisane na list\u0119 rezerwow\u0105.<\/p>\n<p><span style=\"font-weight: 400;\">V. Zasady przeliczania punkt\u00f3w<\/span><\/p>\n<ol>\n<li style=\"font-weight: 400;\" aria-level=\"1\"><span style=\"font-weight: 400;\">Rekrutacja podstawowa<\/span>\n<ol style=\"list-style-type: lower-alpha;\">\n<li style=\"font-weight: 400;\" aria-level=\"2\"><span style=\"font-weight: 400;\">celuj\u0105cy \u2013 18 punkt\u00f3w<\/span><\/li>\n<li style=\"font-weight: 400;\" aria-level=\"2\"><span style=\"font-weight: 400;\">bardzo dobry \u2013 17 punkt\u00f3w<\/span><\/li>\n<li style=\"font-weight: 400;\" aria-level=\"2\"><span style=\"font-weight: 400;\">dobry \u2013 14 punkt\u00f3w<\/span><\/li>\n<li style=\"font-weight: 400;\" aria-level=\"2\"><span style=\"font-weight: 400;\">dostateczny \u2013 8 punkt\u00f3w<\/span><\/li>\n<li style=\"font-weight: 400;\" aria-level=\"2\"><span style=\"font-weight: 400;\">dopuszczaj\u0105cy \u2013 2 punkty<\/span><\/li>\n<li style=\"font-weight: 400;\" aria-level=\"2\"><span style=\"font-weight: 400;\">rozmowa rekrutacyjna \u2013 10 punkt\u00f3w.<\/span><\/li>\n<\/ol>\n<\/li>\n<li style=\"font-weight: 400;\" aria-level=\"1\"><span style=\"font-weight: 400;\">Rekrutacja uzupe\u0142niaj\u0105ca<\/span>\n<ol style=\"list-style-type: lower-alpha;\">\n<li style=\"font-weight: 400;\" aria-level=\"2\"><span style=\"font-weight: 400;\">celuj\u0105cy \u2013 18 punkt\u00f3w<\/span><\/li>\n<li style=\"font-weight: 400;\" aria-level=\"2\"><span style=\"font-weight: 400;\">bardzo dobry \u2013 17 punkt\u00f3w<\/span><\/li>\n<li style=\"font-weight: 400;\" aria-level=\"2\"><span style=\"font-weight: 400;\">dobry \u2013 14 punkt\u00f3w<\/span><\/li>\n<li style=\"font-weight: 400;\" aria-level=\"2\"><span style=\"font-weight: 400;\">dostateczny \u2013 8 punkt\u00f3w<\/span><\/li>\n<li style=\"font-weight: 400;\" aria-level=\"2\"><span style=\"font-weight: 400;\">dopuszczaj\u0105cy \u2013 2 punkty<\/span><\/li>\n<li style=\"font-weight: 400;\" aria-level=\"2\"><span style=\"font-weight: 400;\">wynik procentowy z egzaminu \u00f3smoklasisty z j\u0119zyka polskiego x 0,35<\/span><\/li>\n<li style=\"font-weight: 400;\" aria-level=\"2\"><span style=\"font-weight: 400;\">wynik procentowy z egzaminu \u00f3smoklasisty z matematyki x 0,35<\/span><\/li>\n<li style=\"font-weight: 400;\" aria-level=\"2\"><span style=\"font-weight: 400;\">wynik procentowy z egzaminu \u00f3smoklasisty z j\u0119zyka angielskiego x 0,3<\/span><\/li>\n<li style=\"font-weight: 400;\" aria-level=\"2\"><span style=\"font-weight: 400;\">rozmowa rekrutacyjna \u2013 10 punkt\u00f3w.<\/span><\/li>\n<\/ol>\n<\/li>\n<\/ol>\n<p><span style=\"font-weight: 400;\">VI. Progi punktowe przyj\u0119cia do szko\u0142y<\/span><\/p>\n<ol>\n<li style=\"font-weight: 400;\" aria-level=\"1\"><span style=\"font-weight: 400;\">rekrutacja podstawowa \u2013 suma punkt\u00f3w z ocen od 50 wzwy\u017c i punkty z rozmowy od 6 wzwy\u017c<\/span><\/li>\n<li style=\"font-weight: 400;\" aria-level=\"1\"><span style=\"font-weight: 400;\">rekrutacja uzupe\u0142niaj\u0105ca \u2013 suma punkt\u00f3w z ocen i wynik\u00f3w egzaminu \u00f3smoklasisty od 100 wzwy\u017c i punkty z rozmowy od 6 wzwy\u017c.<\/span><\/li>\n<\/ol>\n<p><span style=\"font-weight: 400;\">VII. Postanowienia ko\u0144cowe<\/span><\/p>\n<ol>\n<li style=\"font-weight: 400;\" aria-level=\"1\"><span style=\"font-weight: 400;\">Decyzj\u0119 o przyj\u0119ciu kandydata podejmuje Szkolna Komisja Rekrutacyjna.<\/span><\/li>\n<li style=\"font-weight: 400;\" aria-level=\"1\"><span style=\"font-weight: 400;\">Kwestie sporne rozstrzyga Dyrektor Liceum.<\/span><\/li>\n<li style=\"font-weight: 400;\" aria-level=\"1\"><span style=\"font-weight: 400;\">Decyzja podj\u0119ta przez Dyrektora Szko\u0142y jest ostateczna.<\/span><\/li>\n<li style=\"font-weight: 400;\" aria-level=\"1\"><span style=\"font-weight: 400;\">We wszystkich przypadkach nieobj\u0119tych niniejszymi postanowieniami decyzj\u0119 podejmuje Szkolna Komisja Rekrutacyjna, kt\u00f3r\u0105 zatwierdza Dyrektor Liceum.<\/span><\/li>\n<li style=\"font-weight: 400;\" aria-level=\"1\"><span style=\"font-weight: 400;\">Dane osobowe kandydat\u00f3w przyj\u0119tych zgromadzone w celach post\u0119powania rekrutacyjnego oraz dokumentacja post\u0119powania rekrutacyjnego s\u0105 przechowywane nie d\u0142u\u017cej ni\u017c do ko\u0144ca okresu, w kt\u00f3rym ucze\u0144 ucz\u0119szcza do szko\u0142y.<\/span><\/li>\n<li style=\"font-weight: 400;\" aria-level=\"1\"><span style=\"font-weight: 400;\">Dane osobowe kandydat\u00f3w nieprzyj\u0119tych zgromadzone w celach post\u0119powania rekrutacyjnego s\u0105 przechowywane w Liceum Akademickim linde.edu.pl przez okres roku, chyba, \u017ce na rozstrzygni\u0119cie dyrektora zosta\u0142a wniesiona skarga do s\u0105du administracyjnego i post\u0119powanie nie zosta\u0142o zako\u0144czone prawomocnym wyrokiem.<\/span><\/li>\n<li style=\"font-weight: 400;\" aria-level=\"1\"><span style=\"font-weight: 400;\">Dokumentami potwierdzaj\u0105cymi wol\u0119 podj\u0119cia nauki w szkole s\u0105 orygina\u0142 \u015bwiadectwa uko\u0144czenia szko\u0142y podstawowej i orygina\u0142 za\u015bwiadczenia o wynikach egzaminu \u00f3smoklasisty, kt\u00f3re kandydat sk\u0142ada wraz ze zdj\u0119ciem w terminie wskazanym przez Szkoln\u0105 Komisj\u0119 Rekrutacyjn\u0105.<\/span><\/li>\n<li style=\"font-weight: 400;\" aria-level=\"1\"><span style=\"font-weight: 400;\">Niedostarczenie tych dokument\u00f3w w terminie oznacza rezygnacj\u0119 kandydata z przyj\u0119cia do szko\u0142y.\u00a0<\/span><\/li>\n<li style=\"font-weight: 400;\" aria-level=\"1\"><span style=\"font-weight: 400;\">Szkolna komisja rekrutacyjna og\u0142asza wyniki rekrutacji uwzgl\u0119dniaj\u0105c zasad\u0119 umieszczania kandydata na li\u015bcie zgodnie z kolejno\u015bci\u0105 uzyskanych punkt\u00f3w.\u00a0<\/span><\/li>\n<li style=\"font-weight: 400;\" aria-level=\"1\"><span style=\"font-weight: 400;\">W uzasadnionych pisemnie wypadkach w trakcie roku szkolnego ucze\u0144 mo\u017ce zosta\u0107 decyzj\u0105 Dyrektora i ucz\u0105cych przeniesiony do grupy o innym poziomie zaawansowania.<\/span><\/li>\n<\/ol>\n","protected":false},"excerpt":{"rendered":"<p>Liceum Akademickie linde.edu.pl w Poznaniu Regulamin rekrutacji do klas pierwszych dla absolwent\u00f3w 8-letniej szko\u0142y podstawowej na rok szkolny 2023\/2024 &nbsp; I. Podstawa prawna Ustawa z dnia 14 grudnia 2016 r. &#8230;<\/p>\n","protected":false},"author":1,"featured_media":0,"parent":0,"menu_order":0,"comment_status":"closed","ping_status":"closed","template":"","meta":[],"_links":{"self":[{"href":"https:\/\/linde.edu.pl\/index.php?rest_route=\/wp\/v2\/pages\/2051"}],"collection":[{"href":"https:\/\/linde.edu.pl\/index.php?rest_route=\/wp\/v2\/pages"}],"about":[{"href":"https:\/\/linde.edu.pl\/index.php?rest_route=\/wp\/v2\/types\/page"}],"author":[{"embeddable":true,"href":"https:\/\/linde.edu.pl\/index.php?rest_route=\/wp\/v2\/users\/1"}],"replies":[{"embeddable":true,"href":"https:\/\/linde.edu.pl\/index.php?rest_route=%2Fwp%2Fv2%2Fcomments&post=2051"}],"version-history":[{"count":7,"href":"https:\/\/linde.edu.pl\/index.php?rest_route=\/wp\/v2\/pages\/2051\/revisions"}],"predecessor-version":[{"id":2249,"href":"https:\/\/linde.edu.pl\/index.php?rest_route=\/wp\/v2\/pages\/2051\/revisions\/2249"}],"wp:attachment":[{"href":"https:\/\/linde.edu.pl\/index.php?rest_route=%2Fwp%2Fv2%2Fmedia&parent=2051"}],"curies":[{"name":"wp","href":"https:\/\/api.w.org\/{rel}","templated":true}]}}