{"id":2728,"date":"2025-07-16T16:25:11","date_gmt":"2025-07-16T14:25:11","guid":{"rendered":"https:\/\/linde.edu.pl\/?page_id=2728"},"modified":"2025-07-17T08:01:23","modified_gmt":"2025-07-17T06:01:23","slug":"pryzmat-klasa-artystyczna","status":"publish","type":"page","link":"https:\/\/linde.edu.pl\/?page_id=2728","title":{"rendered":"PRYZMAT &#8211; KLASA ARTYSTYCZNA"},"content":{"rendered":"\t\t<div data-elementor-type=\"wp-page\" data-elementor-id=\"2728\" class=\"elementor elementor-2728\" data-elementor-settings=\"[]\">\n\t\t\t\t\t\t\t<div class=\"elementor-section-wrap\">\n\t\t\t\t\t\t\t<section class=\"elementor-section elementor-top-section elementor-element elementor-element-2850017 elementor-section-boxed elementor-section-height-default elementor-section-height-default\" data-id=\"2850017\" data-element_type=\"section\">\n\t\t\t\t\t\t<div class=\"elementor-container elementor-column-gap-default\">\n\t\t\t\t\t<div class=\"elementor-column elementor-col-100 elementor-top-column elementor-element elementor-element-e0d5057\" data-id=\"e0d5057\" data-element_type=\"column\">\n\t\t\t<div class=\"elementor-widget-wrap elementor-element-populated\">\n\t\t\t\t\t\t\t\t<div class=\"elementor-element elementor-element-e605125 elementor-widget elementor-widget-text-editor\" data-id=\"e605125\" data-element_type=\"widget\" data-widget_type=\"text-editor.default\">\n\t\t\t\t<div class=\"elementor-widget-container\">\n\t\t\t\t\t<div class=\"elementor-text-editor elementor-clearfix\"><p>Wiele os\u00f3b w Linde to artystyczne dusze. Do tej pory zainteresowania zwi\u0105zane z projektowaniem, rysunkiem, grafik\u0105 komputerow\u0105, malarstwem czy scen\u0105 realizowali poza szko\u0142\u0105. Od roku szkolnego 2025\/2026 uruchamiamy profil artystyczny, dla wszystkich, kt\u00f3rzy czuj\u0105, \u017ce potrzebuj\u0119 miejsca, przestrzeni i wsparcia ro rozwijania swoich zainteresowa\u0144.<\/p>\n<p>W trakcie nauki uczniowie realizuj\u0105 przedmioty og\u00f3lnokszta\u0142c\u0105ce, zgodnie z podstaw\u0105 programow\u0105. W ramach profilu realizuj\u0105 przedmioty rozszerzone: j\u0119zyk polski, j\u0119zyk angielski i blok zaj\u0119\u0107 pozwalaj\u0105cych na zdobycie wiedzy o sztuce i kulturze.<\/p>\n<p>Na blok profilowy sk\u0142adaj\u0105 si\u0119 tak\u017ce zaj\u0119cia pracowni, w ramach kt\u00f3rych na I roku realizowane s\u0105 warsztaty rysunku, kompozycji oraz digital art.<\/p>\n<p>Partnerem klasy PRYZMAT jest <a href=\"https:\/\/galeria-piekary.com.pl\/\">Galeria Piekary<\/a>.<\/p>\n<p>Je\u015bli kreatywno\u015b\u0107, tworzenie, wyra\u017canie siebie poprzez sztuk\u0119 s\u0105 dla Ciebie wa\u017cne, &#8220;Pryzmat&#8221; znakomicie odpowie na Twoje potrzeby, bo Linde to szko\u0142a stworzona z my\u015bl\u0105 o Tobie.<\/p>\n<p>By dowiedzie\u0107 si\u0119 wi\u0119cej zadzwo\u0144: +48 660 543 502 &#8211; sekretariat czynny jest od poniedzia\u0142ku do pi\u0105tku od 8.00 do 12.00 (w poniedzia\u0142ki i czwartki do 14.00).<\/p><\/div>\n\t\t\t\t<\/div>\n\t\t\t\t<\/div>\n\t\t\t\t\t<\/div>\n\t\t<\/div>\n\t\t\t\t\t\t\t<\/div>\n\t\t<\/section>\n\t\t\t\t\t\t<\/div>\n\t\t\t\t\t<\/div>\n\t\t","protected":false},"excerpt":{"rendered":"<p>Wiele os\u00f3b w Linde to artystyczne dusze. Do tej pory zainteresowania zwi\u0105zane z projektowaniem, rysunkiem, grafik\u0105 komputerow\u0105, malarstwem czy scen\u0105 realizowali poza szko\u0142\u0105. Od roku szkolnego 2025\/2026 uruchamiamy profil artystyczny, &#8230;<\/p>\n","protected":false},"author":1,"featured_media":0,"parent":0,"menu_order":0,"comment_status":"closed","ping_status":"closed","template":"","meta":[],"_links":{"self":[{"href":"https:\/\/linde.edu.pl\/index.php?rest_route=\/wp\/v2\/pages\/2728"}],"collection":[{"href":"https:\/\/linde.edu.pl\/index.php?rest_route=\/wp\/v2\/pages"}],"about":[{"href":"https:\/\/linde.edu.pl\/index.php?rest_route=\/wp\/v2\/types\/page"}],"author":[{"embeddable":true,"href":"https:\/\/linde.edu.pl\/index.php?rest_route=\/wp\/v2\/users\/1"}],"replies":[{"embeddable":true,"href":"https:\/\/linde.edu.pl\/index.php?rest_route=%2Fwp%2Fv2%2Fcomments&post=2728"}],"version-history":[{"count":6,"href":"https:\/\/linde.edu.pl\/index.php?rest_route=\/wp\/v2\/pages\/2728\/revisions"}],"predecessor-version":[{"id":2744,"href":"https:\/\/linde.edu.pl\/index.php?rest_route=\/wp\/v2\/pages\/2728\/revisions\/2744"}],"wp:attachment":[{"href":"https:\/\/linde.edu.pl\/index.php?rest_route=%2Fwp%2Fv2%2Fmedia&parent=2728"}],"curies":[{"name":"wp","href":"https:\/\/api.w.org\/{rel}","templated":true}]}}

<div data-elementor-type="wp-page" data-elementor-id="2728" class="elementor elementor-2728" data-elementor-settings="[]">
							<div class="elementor-section-wrap">
							<section class="elementor-section elementor-top-section elementor-element elementor-element-2850017 elementor-section-boxed elementor-section-height-default elementor-section-height-default" data-id="2850017" data-element_type="section">
						<div class="elementor-container elementor-column-gap-default">
					<div class="elementor-column elementor-col-100 elementor-top-column elementor-element elementor-element-e0d5057" data-id="e0d5057" data-element_type="column">
			<div class="elementor-widget-wrap elementor-element-populated">
								<div class="elementor-element elementor-element-e605125 elementor-widget elementor-widget-text-editor" data-id="e605125" data-element_type="widget" data-widget_type="text-editor.default">
				<div class="elementor-widget-container">
					<div class="elementor-text-editor elementor-clearfix"><p>Wiele osób w Linde to artystyczne dusze. Do tej pory zainteresowania związane z projektowaniem, rysunkiem, grafiką komputerową, malarstwem czy sceną realizowali poza szkołą. Od roku szkolnego 2025/2026 uruchamiamy profil artystyczny, dla wszystkich, którzy czują, że potrzebuję miejsca, przestrzeni i wsparcia ro rozwijania swoich zainteresowań.</p>
<p>W trakcie nauki uczniowie realizują przedmioty ogólnokształcące, zgodnie z podstawą programową. W ramach profilu realizują przedmioty rozszerzone: język polski, język angielski i blok zajęć pozwalających na zdobycie wiedzy o sztuce i kulturze.</p>
<p>Na blok profilowy składają się także zajęcia pracowni, w ramach których na I roku realizowane są warsztaty rysunku, kompozycji oraz digital art.</p>
<p>Partnerem klasy PRYZMAT jest <a href="https://galeria-piekary.com.pl/">Galeria Piekary</a>.</p>
<p>Jeśli kreatywność, tworzenie, wyrażanie siebie poprzez sztukę są dla Ciebie ważne, &#8220;Pryzmat&#8221; znakomicie odpowie na Twoje potrzeby, bo Linde to szkoła stworzona z myślą o Tobie.</p>
<p>By dowiedzieć się więcej zadzwoń: +48 660 543 502 &#8211; sekretariat czynny jest od poniedziałku do piątku od 8.00 do 12.00 (w poniedziałki i czwartki do 14.00).</p></div>
				</div>
				</div>
					</div>
		</div>
							</div>
		</section>
						</div>
					</div>

<p>Wiele osób w Linde to artystyczne dusze. Do tej pory zainteresowania związane z projektowaniem, rysunkiem, grafiką komputerową, malarstwem czy sceną realizowali poza szkołą. Od roku szkolnego 2025/2026 uruchamiamy profil artystyczny, &#8230;</p>
